ate f(5).
11
Let k be ((-3)/(-2))/((-3)/10) - -12. Let w(r) = -r**2 + 6*r + 6. Determine w(k).
-1
Let g(q) = -2*q**3 + q**2 - 2*q + 1. Let h(o) = -9*o**3 + 5*o**2 - 6*o + 8. Let b(c) = 4*g(c) - h(c). Calculate b(0).
-4
Suppose -m = m. Suppose 2*q - 4*x - 11 = 3, 4*q - 5*x - 19 = m. Let d(f) = -3 + 2 + 0*f**2 - 7*f**2. Determine d(q).
-8
Let c(k) be the first derivative of k**4/12 - 4*k**3/3 + 4*k**2 + 20*k + 25. Let d(b) be the first derivative of c(b). Give d(7).
1
Let c be 22/(-10) - 6/(-30). Let n(u) = -u + 1. Let l(v) = 3*v + 1. Let z(t) = c*n(t) - l(t). Give z(6).
-9
Let o(g) = -2*g + 52. Suppose -9*d + 196 + 20 = 0. Determine o(d).
4
Let q(x) = -3*x - 3. Let f(i) be the first derivative of -6 + 0*i - 5/2*i**2. Let d be f(1). Calculate q(d).
12
Let w(m) be the third derivative of m**6/120 + 7*m**5/60 + m**4/4 - 5*m**3/6 + 3*m**2 - 31. Calculate w(-6).
-5
Let j(y) = y**3 - 8*y**2 + y - 4. Suppose -33*i + 37*i = 120. Suppose -2 = c + 5*m, -3*c - 2*c - 5*m + i = 0. What is j(c)?
4
Let d(b) be the third derivative of b**5/60 - b**4/8 + b**3/3 + 10*b**2. Let j be d(3). Let f(y) = -2*y**3 + 2*y**2 - y + 1. Give f(j).
-9
Suppose -5*s - 22 + 77 = 0. Let z = s - 6. Let k(n) = -n**2 + 7*n + 2. What is k(z)?
12
Let b = 38 - 38. Let o(a) = -119*a + b + 117*a + 0. Calculate o(-2).
4
Let g(p) = 4*p - 7. Let d(f) = 3*f - 6. Let o(c) = -3*c + 6. Suppose -2*t - 3 = -9. Let z(r) = t*o(r) + 4*d(r). Let y(i) = -4*g(i) + 5*z(i). Give y(-4).
2
Let b(k) = -k**2 - 7*k + 3. Let c be 1 + 0 + (-42)/(-3). Suppose 3*h + 12 = -c. What is b(h)?
-15
Let p(z) = 3*z**3 + 2*z**2 + 5*z - 6. Let m(b) = -2*b**3 - b**2 - 4*b + 5. Let c(r) = 4*m(r) + 3*p(r). Suppose -4*o - 18 = -6. What is c(o)?
-4
Let h(t) = -3*t + 42. Let d(w) = w**3 - 7*w + 9. Let v be d(3). Let k be h(v). Let b(z) = z + 4. Calculate b(k).
1
Let y(l) = -5*l**2 - 2*l - 2. Let c(p) = -p**2 - 1. Let g(z) = -5*z**2 + z - 5. Let w(d) = 4*c(d) - g(d). Let i(m) = 6*w(m) + y(m). Calculate i(5).
-11
Let g(f) = -f**2 - 1. Suppose 0 = 6*v - v - 5. Let j(y) be the first derivative of -y**2/2 - 35. Let a be j(v). Give g(a).
-2
Let y(k) = k + 3. Let r = -21 - -23. Let f be -2 + r - 3 - 2. What is y(f)?
-2
Suppose -5*a + 529 = -111. Let c = 131 - a. Let w(v) = v**3 - 2*v**2 - 2*v - 1. Determine w(c).
2
Let x(h) = h**2 + 8*h + 5. Suppose 6 = -20*l + 19*l. Let n be x(l). Let d(j) = j**3 + 8*j**2 + 7*j + 5. What is d(n)?
5
Let u(f) = 275*f**3 + 23 + 11*f**2 - 274*f**3 - 15*f - 53. Calculate u(-12).
6
Let c(t) = -t**2 + 26*t - 101. Let w be c(5). Let h(z) = -z**3 + 5*z**2 - 7*z + 6. Give h(w).
-6
Let l(d) be the second derivative of d**3/3 - 3*d**2 + 93*d. Suppose x + 36 - 12 = 0. Let q be 136/x - (-4)/6. Give l(q).
-16
Let a be 24/(-20)*20/(-6). Suppose -4*j = -5*u + 14, -a*u + 13 = -2*j - 3*j. Let n(b) = 2*b - 4. Let c(y) = 2*y - 5. Let i(s) = 3*c(s) - 4*n(s). What is i(j)?
3
Suppose r - 3*b = -3*r - 26, 2*b - 9 = r. Let u(j) = -3*j**3 + j**2 + 5*j - 9. Let t(f) = -4*f**3 + f**2 + 8*f - 13. Let s(p) = r*t(p) + 7*u(p). Determine s(3).
-22
Suppose 0 = k - 2*k - 14. Let y(v) = -v**3 - 15*v**2 - 14*v + 4. Let j be y(k). Let h(g) = g - 3*g + g**2 - g - j. Give h(5).
6
Let k(b) = 12*b + 11. Let r(l) = -11*l - 9. Let n(h) = -2*k(h) - 3*r(h). Let m be n(-1). Let t(w) = -5*w - 2 - 2*w + 4*w. What is t(m)?
10
Let v(o) be the second derivative of -o**5/20 + o**4/2 - o**3 - 3*o**2/2 + 1104*o. Let n = -4 + 9. Give v(n).
-8
Let k(w) = 7 + 40*w - w**2 - 1 + 2 - 31*w. What is k(7)?
22
Suppose -5*b - 10 = -5*u, -b + 1 = -0. Suppose 8 + 22 = u*n. Let m(j) = -7 + 2*j**2 + 7*j**2 - j**3 + 1 + 11*j + 0*j**2. Give m(n).
4
Let p(w) = 8*w. Let m(c) = 24*c. Let u(y) = 3*m(y) - 8*p(y). What is u(-2)?
-16
Let s(d) = -d**2 + 4*d - 1. Let r be (2 - 4)/(4/74). Let o be r/(-7) + (-32)/112. Calculate s(o).
-6
Let w(a) = 2*a**2 + 2*a - a**2 + 2*a**2 + 1 - 6*a - a**3. Let v(k) = 3 - 5*k + 6*k**2 - 13*k**3 + 34*k**3 - 22*k**3. Let b be v(5). Give w(b).
-11
Let s(n) be the third derivative of -n**6/120 - n**5/30 + n**4/8 + n**3/3 - 5*n**2. Let h(f) = 2*f**3 - 2*f**2 - f. Let k be h(-1). Give s(k).
2
Let i be (-2001)/(-138) - (-2)/(-4). Let k(g) = g**2 - 13*g - 15. Determine k(i).
-1
Let a be -15*(-4)/12 - 8. Let y be ((-63)/(-27))/(1/a). Let p(o) = -3 - 3*o - 2*o + 6*o. Calculate p(y).
-10
Let z(d) be the third derivative of 0 - 1/24*d**4 + 0*d + 1/3*d**3 + 10*d**2. Calculate z(-6).
8
Let h(v) = -5*v**3 - 25*v**2 - 17*v - 25. Let f(p) = -14*p**3 - 73*p**2 - 46*p - 74. Let a(k) = -6*f(k) + 17*h(k). Give a(12).
7
Let p(l) = -l**2 - 8*l + 3. Let w be 126/6 - 2/1. Suppose -4*u + 4*o = -0*u + 20, -2*u - o = w. What is p(u)?
3
Let s be 111/18 + (-2)/12. Let v = -3 + s. Let y(o) = v + o**2 - 7 + 3 + 7*o. Give y(-5).
-11
Suppose -5*l + 19 = 2*z, 0 = -3*z - l + 5 + 4. Let b(a) = -5 + a**2 + 8*a - 10*a**2 + 8*a**z. Suppose 30*t - 32*t + 8 = 0. Give b(t).
11
Let v(k) = k + 1. Let b(m) = -3*m - 6. Let o(r) = -b(r) - 2*v(r). Suppose 2*l = -10, 2*u + u + l = 1. Let a = -2 - u. Give o(a).
0
Let q(w) = -4*w**2 + 3*w - 4. Let y(g) = 5*g**2 - 2*g + 5. Let a(s) = 3*q(s) + 2*y(s). Calculate a(-4).
-54
Let s = 30 + -28. Let t(p) = p**2 + 4*p - 4. Calculate t(s).
8
Let f(c) = 7*c**3 - 6*c**2 - 6*c + 10. Let t(z) = -5*z**3 + 5*z**2 + 6*z - 7. Let y(g) = -2*f(g) - 3*t(g). Calculate y(3).
-17
Let w(p) = -10*p**3 + 9 - 10*p - 5*p**3 - 3*p**3 + 19*p**3 + 10*p**2. Determine w(-11).
-2
Let w(n) = 6*n**3 - 2*n**2. Let x(q) = -11*q**3 + 5*q**2. Let j(u) = -5*w(u) - 2*x(u). Let k(g) = -8*g + 17. Let f be k(2). Calculate j(f).
-8
Let x(z) = -4*z + 2. Suppose -5*y - 3*w - 41 = w, 0 = 2*y - 2*w + 2. Give x(y).
22
Let t(f) be the third derivative of f**6/720 + f**5/120 + f**4/6 - f**2. Let s(a) be the second derivative of t(a). Calculate s(-6).
-5
Suppose -5 = 4*d - 21, -5*d - 46 = 3*s. Let v be (2 + 6/(-4))/((-2)/(-104)). Let f = s + v. Let a(k) = k**3 - 5*k**2 + 4*k + 2. What is a(f)?
2
Suppose -5*c - 150 = -7*c. Suppose 0 = 6*g - g + c. Let v = 15 + g. Let i(a) = -a - 8. What is i(v)?
-8
Let i(v) = 47*v + 229. Let a be i(-5). Let o(n) = n**3 + 8*n**2 + 5*n + 2. Calculate o(a).
44
Suppose 0 = -7*w - 20 - 22. Let q(a) be the first derivative of -1/2*a**2 + 2 + 0*a. What is q(w)?
6
Let y(m) = m**2 - 4*m - 5. Suppose 3*j - 12 = -0*j. Suppose -8*p + 60 = -j*p. Suppose -p = -3*i + 3. Give y(i).
7
Suppose 5*v + 5*s - 4 = 1, 0 = -5*v - 2*s + 5. Let i(q) = -18*q - 15*q + 2*q**3 - q**2 + v + 29*q + 2. What is i(2)?
7
Let k(c) = -c - 9. Let y be (-23)/((-184)/48) - 2. What is k(y)?
-13
Let v(g) = g**3 - 8*g**2 + 9*g - 7. Suppose -7*z + 3*z = 4*u - 36, -5*z - 3*u = -41. Determine v(z).
7
Let v(i) = 7*i + 15. Let j(w) = -4*w - 8. Let o(d) = -5*j(d) - 3*v(d). Let c(n) = n**2 + 5*n + 6. Let m be c(-6). Suppose 4*s = m*s - 32. Give o(s).
-9
Let k = 10 - -1. Let a(h) = h**2 - 13*h + 11. Determine a(k).
-11
Suppose 0 = -5*t + 38 - 8. Let a(x) = -x**3 + 7*x**2 - 5*x - 2. What is a(t)?
4
Let u(s) = 2*s**2 + 51*s + 21. Suppose -3*z + x = -0*x + 77, -z - 5*x - 15 = 0. Determine u(z).
-4
Let w(r) be the second derivative of -r**4/12 + 4*r**3/3 - 3*r**2/2 + 116*r. Let a = -14 - -22. Calculate w(a).
-3
Suppose l = 2*h - 8, 0 = -5*h - 4*l + 2 + 5. Let a(b) = 0*b**3 - 287*b**2 + 282*b**2 + 2 - 3*b + b**h. Give a(5).
-13
Let l(d) = d**2 - 56*d + 212. Let v be l(52). Let p(a) be the second derivative of 0 - 5/2*a**2 - 5/12*a**v - 11*a + 1/6*a**3 + 1/20*a**5. Give p(5).
0
Let d = 5 + -26. Let r be (-2)/4*(21 + d). Suppose 3*o - 3 = -r*o. Let v(s) = -13*s**3 - s. Give v(o).
-14
Let k(l) = 901*l**2 - 4*l + 2*l - 902*l**2. What is k(0)?
0
Let g = -2755 + 2754. Let s(x) = x - 1. Let n(u) = 3*u + 4. Let j(y) = -n(y) - 4*s(y). Determine j(g).
7
Let j = 1258 - 1256. Let w(g) = g**2 - g - 3. Calculate w(j).
-1
Let p(o) = o + 4. Let g(i) = 2*i + 8. Let s be 26*((-3)/2)/3. Let w(y) = s*p(y) + 6*g(y). Let d(q) = -14*q + 214. Let c be d(15). Determine w(c).
-8
Let l(p) = -25*p - 24 + 15 + 19*p + 15. Determine l(-5).
36
Let f be ((-115)/20 + 5)/(2/24). Let z be -7 + 11 - (-3 + f/(-3)). Let j(r) be the second derivative of r**4/12 - r**3 + 2*r**2 + r. Calculate j(z).
-4
Let v be (-32)/(-18) - (6 - (-168)/(-27)). Let l(r) = -r**3 + 3*r**2 - 4*r + 2. Give l(v).
-2
Let b(u) = u**3 + 5*u**2 + 3*u + 6. Let s = 0 - -7. Let q(d) = d**2 -